{"id":15,"date":"2022-06-15T17:55:00","date_gmt":"2022-06-15T15:55:00","guid":{"rendered":"http:\/\/www.gym-saubens.fr\/?page_id=15"},"modified":"2025-09-20T13:48:15","modified_gmt":"2025-09-20T11:48:15","slug":"horaires","status":"publish","type":"page","link":"https:\/\/www.gym-saubens.fr\/index.php\/horaires\/","title":{"rendered":"Horaires"},"content":{"rendered":"<h4>Horaires<\/h4>\n<p>Nous vous invitons \u00e0 d\u00e9couvrir les bienfaits de cette m\u00e9thode douce et efficace !<br>N\u2019oubliez pas votre tapis et&nbsp; souvent votre ballon (le professeur indiquera quand il y en aura besoin).<\/p>\n<p>Avant tout inscription, merci de contacter le bureau pour confirmer la disponibilit\u00e9 du cours (contact@gym-saubens.fr). En d\u00e9but d&rsquo;ann\u00e9e \u00ab\u00a0scolaire\u00a0\u00bb il est possible de venir \u00e0 un cours d&rsquo;essai, merci de contacter le bureau pour v\u00e9rifier la disponibilit\u00e9 du cr\u00e9neau que vous souhaiter essayer. Les<strong> tarifs et la fiche d&rsquo;inscription<\/strong> se trouvent sous l&rsquo;onglet \u00ab\u00a0inscriptions\u00a0\u00bb sur ce site.<\/p>\n<p>Gym-Saubens propose des cours de Pilates (principalement) mais aussi de CAF (Cuisses-Abdos-Fessiers), de Yogalates et une activit\u00e9 pour les enfants: le Yoga-danse.<\/p>\n<p>Les horaires sont les suivants:<\/p>\n\n\n<figure class=\"wp-block-image size-full\"><img decoding=\"async\" loading=\"lazy\" width=\"514\" height=\"506\" src=\"https:\/\/www.gym-saubens.fr\/wp-content\/uploads\/2025\/09\/Capture-decran-2025-09-20-134711.png\" alt=\"\" class=\"wp-image-962\" srcset=\"https:\/\/www.gym-saubens.fr\/wp-content\/uploads\/2025\/09\/Capture-decran-2025-09-20-134711.png 514w, https:\/\/www.gym-saubens.fr\/wp-content\/uploads\/2025\/09\/Capture-decran-2025-09-20-134711-300x295.png 300w\" sizes=\"(max-width: 514px) 100vw, 514px\" \/><\/figure>\n\n\n\n<p>&nbsp;Notez bien qu&rsquo;il n&rsquo;y a pas de tatamis les&nbsp; vendredis.<\/p>\n","protected":false},"excerpt":{"rendered":"<p>Horaires Nous vous invitons \u00e0 d\u00e9couvrir les bienfaits de cette m\u00e9thode douce et efficace !N\u2019oubliez pas votre tapis et&nbsp; souvent votre ballon (le professeur indiquera quand il y en aura besoin). Avant tout inscription, merci de contacter le bureau pour confirmer la disponibilit\u00e9 du cours (contact@gym-saubens.fr). En d\u00e9but d&rsquo;ann\u00e9e \u00ab\u00a0scolaire\u00a0\u00bb il est possible de venir&hellip; <a class=\"more-link\" href=\"https:\/\/www.gym-saubens.fr\/index.php\/horaires\/\">Poursuivre la lecture <span class=\"screen-reader-text\">Horaires<\/span><\/a><\/p>\n","protected":false},"author":1,"featured_media":0,"parent":0,"menu_order":0,"comment_status":"closed","ping_status":"closed","template":"","meta":[],"_links":{"self":[{"href":"https:\/\/www.gym-saubens.fr\/index.php\/wp-json\/wp\/v2\/pages\/15"}],"collection":[{"href":"https:\/\/www.gym-saubens.fr\/index.php\/wp-json\/wp\/v2\/pages"}],"about":[{"href":"https:\/\/www.gym-saubens.fr\/index.php\/wp-json\/wp\/v2\/types\/page"}],"author":[{"embeddable":true,"href":"https:\/\/www.gym-saubens.fr\/index.php\/wp-json\/wp\/v2\/users\/1"}],"replies":[{"embeddable":true,"href":"https:\/\/www.gym-saubens.fr\/index.php\/wp-json\/wp\/v2\/comments?post=15"}],"version-history":[{"count":55,"href":"https:\/\/www.gym-saubens.fr\/index.php\/wp-json\/wp\/v2\/pages\/15\/revisions"}],"predecessor-version":[{"id":963,"href":"https:\/\/www.gym-saubens.fr\/index.php\/wp-json\/wp\/v2\/pages\/15\/revisions\/963"}],"wp:attachment":[{"href":"https:\/\/www.gym-saubens.fr\/index.php\/wp-json\/wp\/v2\/media?parent=15"}],"curies":[{"name":"wp","href":"https:\/\/api.w.org\/{rel}","templated":true}]}}